330
In base 10, what is 29 + -271?
-242
In base 6, what is 120 - -10?
130
In base 6, what is -15 - -220?
201
In base 9, what is 50 + 4?
54
In base 13, what is -3 + 574?
571
In base 7, what is -10260 + 1?
-10256
In base 6, what is 1 + 104?
105
In base 13, what is -4a + -1?
-4b
In base 3, what is -222 - -1?
-221
In base 9, what is 1120 + -13?
1106
In base 15, what is -13 + 10c?
e9
In base 6, what is -405 - -42?
-323
In base 15, what is -116 - 3?
-119
In base 8, what is 2 - -3437?
3441
In base 11, what is -33 + -15?
-48
In base 8, what is 203 - -3?
206
In base 15, what is -8 + 1?
-7
In base 5, what is -10 + 4120?
4110
In base 16, what is -c + 2c?
20
In base 7, what is 2 + 26024?
26026
In base 16, what is 4 + 5?
9
In base 4, what is -211122 - 3?
-211131
In base 13, what is 81 + -4?
7a
In base 12, what is -a - 111?
-11b
In base 9, what is -27 + -76?
-114
In base 15, what is 0 - -2?
2
In base 8, what is 5 - -541?
546
In base 6, what is 5444 - 4?
5440
In base 2, what is -100110 - -100110?
0
In base 7, what is -23140 + -1?
-23141
In base 11, what is 9 + -26?
-18
In base 5, what is -1 + 1?
0
In base 5, what is 0 + -2230?
-2230
In base 6, what is 10 - 1?
5
In base 8, what is 5 + -2015?
-2010
In base 11, what is 2a15 - -3?
2a18
In base 14, what is 3 + -19b?
-198
In base 7, what is -3 + -1615?
-1621
In base 14, what is -5b6 - 4?
-5ba
In base 3, what is -12 + 11122112?
11122100
In base 7, what is -55 + 333?
245
In base 4, what is -1 + 20221?
20220
In base 4, what is -11011 - 0?
-11011
In base 16, what is 7b1 + 3?
7b4
In base 3, what is 10 - -10222?
11002
In base 5, what is -41 - 34?
-130
In base 8, what is -2 + -731?
-733
In base 9, what is 1 + -117?
-116
In base 16, what is 2 + -a6?
-a4
In base 7, what is -3565 - -4?
-3561
In base 6, what is -314 - -4?
-310
In base 5, what is 4 - -202?
211
In base 14, what is -1 - -7c?
7b
In base 8, what is -11 - -2344?
2333
In base 2, what is 1110100011111 + 0?
1110100011111
In base 2, what is 100000000 + -1?
11111111
In base 15, what is 4 - -d4d?
d52
In base 6, what is 0 + 1422?
1422
In base 13, what is bb2 + -8?
ba7
In base 10, what is -260 - 1?
-261
In base 7, what is 36 + 22?
61
In base 9, what is 285 - 3?
282
In base 6, what is 5203 - 3?
5200
In base 4, what is 13320 + 13?
13333
In base 9, what is -2 + -1054?
-1056
In base 4, what is -1333 + -1?
-2000
In base 3, what is -12 - 122220?
-200002
In base 8, what is 171 + 10?
201
In base 8, what is -1147 - -5?
-1142
In base 2, what is 100010001 + -110?
100001011
In base 12, what is 108 + -14?
b4
In base 9, what is -31 - 4?
-35
In base 9, what is 5 + -462?
-456
In base 4, what is 3 + 11?
20
In base 4, what is -11 - 3002?
-3013
In base 9, what is -1 - 168?
-170
In base 2, what is -10100110 + -10?
-10101000
In base 5, what is -1 + 304?
303
In base 2, what is -10101101 - -11?
-10101010
In base 11, what is 5 - 64?
-5a
In base 15, what is -185 - 4?
-189
In base 15, what is 90 - -b?
9b
In base 9, what is -2 - 2034?
-2036
In base 5, what is 0 - 1?
-1
In base 5, what is -2010 - -3?
-2002
In base 2, what is -10100 + 1001101100?
1001011000
In base 5, what is 4 + 112443?
113002
In base 8, what is -4 - 2322?
-2326
In base 11, what is -61 - -a?
-52
In base 5, what is 0 + 444?
444
In base 7, what is -6206 + 4?
-6202
In base 10, what is -3 + -47?
-50
In base 7, what is -2252 + 4?
-2245
In base 2, what is 101011000010 + -1010?
101010111000
In base 6, what is -1 + -15?
-20
In base 13, what is 3 + -c7?
-c4
In base 12, what is 0 + -213?
-213
In base 16, what is -1 - -ed?
ec
In base 10, what is -23 - 8?
-31
In base 4, what is -1 - 12310?
-12311
In base 6, what is -115 + 0?
-115
In base 4, what is -33 - 130?
-223
In base 15, what is -8 - 307?
-310
In base 3, what is -12211202 + 12?
-12211120
In base 13, what is -179 - -10?
-169
In base 10, what is -1 + -14?
-15
In base 11, what is -2 + -a9?
-100
In base 3, what is -20201100 - 1?
-20201101
In base 8, what is 476 + -4?
472
In base 3, what is 11222111 - -11?
11222122
In base 15, what is -4 - -241?
23c
In base 13, what is -1b + 8?
-13
In base 3, what is -1200 - -10?
-1120
In base 7, what is 5 - -1206?
1214
In base 16, what is -a9 + -5?
-ae
In base 9, what is 48 - 5?
43
In base 12, what is 42 - 6?
38
In base 13, what is -2 + 209?
207
In base 12, what is 2 - -2702?
2704
In base 2, what is -11000100001 - -10?
-11000011111
In base 6, what is 1 + -1054?
-1053
In base 9, what is -23 + 0?
-23
In base 6, what is 4430 + -3?
4423
In base 14, what is 4 + 1b0?
1b4
In base 6, what is -4 - -55?
51
In base 7, what is -25 + -64?
-122
In base 16, what is -4 - 6c8?
-6cc
In base 7, what is -5 - 2434?
-2442
In base 7, what is -233 - -5?
-225
In base 15, what is 0 - 461?
-461
In base 14, what is 1 + 144?
145
In base 14, what is 8b - 67?
24
In base 12, what is -5 + -16b7?
-1700
In base 14, what is -44 + 5?
-3d
In base 9, what is 2 + 57?
60
In base 10, what is 5 - -7?
12
In base 4, what is -1301 + -112?
-2013
In base 4, what is -3031 + 1?
-3030
In base 4, what is -3 + -110322?
-110331
In base 8, what is 63 - -13?
76
In base 10, what is 23 + -3?
20
In base 4, what is 11 - 21221?
-21210
In base 4, what is -10 - 10020?
-10030
In base 11, what is 3 + -130?
-128
In base 14, what is -55 - -197?
142
In base 6, what is -42 - -2?
-40
In base 3, what is -200002 + -20?
-200022
In base 14, what is -7bb + 2?
-7b9
In base 14, what is 448 + -1?
447
In base 15, what is 26 + -3?
23
In base 2, what is -100 - 11001010?
-11001110
In base 15, what is -18 + -15a?
-173
In base 12, what is -23 - -32?
b
In base 8, what is -5 - 1171?
-1176
In base 15, what is -2 - 17?
-19
In base 16, what is -c70 - 1?
-c71
In base 13, what is -7 - -4?
-3
In base 14, what is -b + -1ad?
-1ba
In base 14, what is -2dc + -5?
-303
In base 3, what is -1210 + -11021?
-20001
In base 5, what is 411 - -113?
1024
In base 15, what is 1 + 6d?
6e
In base 14, what is 92 - -22?
b4
In base 7, what is 2 + -32?
-30
In base 8, what is 23 - -3?
26
In base 12, what is -9 - -13?
6
In base 12, what is 37a + -1?
379
In base 10, what is -905 + 4?
-901
In base 14, what is 35 + -21?
14
In base 13, what is -5b - -8?
-53
In base 13, what is -368 + -8?
-373
In base 14, what is 27 + a?
33
In base 16, what is -11 - -d1?
c0
In base 13, what is -1 - -4c?
4b
In base 14, what is 0 + -1a?
-1a
In base 8, what is 51 + -7?
42
In base 6, what is 0 - 1032?
-1032
In base 2, what is 10011 + 111?
11010
In base 3, what is 21202022 - -10?
21202102
In base 4, what is -11 - -1232?
1221
In base 11, what is 4 + 4712?
4716
In base 7, what is 4 + 6?
13
In base 10, what is -7 - 5?
-12
In base 14, what is 3 - -68?
6b
In base 6, what is 3125 + -1?
3124
In base 15, what is 3e + -e?
30
In base 5, what is -23401 + -10?
-23411
In base 11, what is 2 + 75?
77
In base 6, what is 21 + -2?
15
In base 6, what is -11 + 1?
-10
In base 10, what is 31 + 90?
121
In base 5, what is -1442 + 0?
-1442
In base 9, what is 206 - 1?
205
In base 16, what is -2387 + -1?
-2388
In base 4, what is -2 - -21031?
21023
In base 10, what is -2 - 231?
-233
In base 9, what is 5 - 77?
-72
In base 5, what is 100 - 20?
30
In base 13, what is 20 - -46?
66
In base 15, what is 127 + -2?
125
In base 14, what is -3a + 63?
27
In base 13, what is -58c6 - -4?
-58c2
In base 2, what is 100111 + -10011?
10100
In base 2, what is 100 - -110000?
110100
In base 5, what is 32420 + 1?
32421
In base 13, what is 142 - 5?
13a
In base 11, what is -1 - -40?
3a
In base 10, what is 95 - -20?
115
In base 2, what is -10001 - -11100111000?
11100100111
In base 11, what is -21 - -8a?
69
In base 10, what is 0 + 30?
30
In base 15, what is -31c + 1?
-31b
In base 9, what is -15 + -648?
-664
In base 13, what is 1a + 7?
24
In base 12, what is -1 + 3531?
3530
In base 15, what is -5 + a?
5
In base 4, what is -10 + -332?
-1002
In base 6, what is 511 + -3?
504
In base 6, what is -1041 - 3?
-1044
In base 8, what is 112 - 2?
110
In base 3, what is 102 + -1?
101
In base 6, what is 11 - -1005?
1020
In base 9, what is 2 - 305?
-303
In base 14, what is 2 + 3c0?
3c2
In base 12, what is -11 + -47?
-58
In base 13, what is 2 - 45?
-43
In base 13, what is 7c - 41?
3b
In base 13, what is 5 + -1b83?
-1b7b
In base 10, what is 1 + 0?
1
In base 4, what is 100 - -1120?
1220
In base 7, what is 1 + -3111?
-3110
In base 2, what is -1 - -111101111000?
11110111